{"id":3663,"date":"2016-10-25T12:37:27","date_gmt":"2016-10-25T12:37:27","guid":{"rendered":"http:\/\/www.eurocontainerslf.it\/?post_type=product&#038;p=3663"},"modified":"2021-07-16T12:29:56","modified_gmt":"2021-07-16T11:29:56","slug":"mit-luken","status":"publish","type":"product","link":"https:\/\/www.eurocontainerslf.it\/?product=mit-luken&lang=de","title":{"rendered":"Mit luken"},"content":{"rendered":"","protected":false},"excerpt":{"rendered":"<p>Speziell f\u00fcr Schl\u00e4mme und Fl\u00fcssigkeiten verwendet, Zuladung von oben durch Luken.<\/p>\n","protected":false},"featured_media":4022,"template":"","meta":[],"product_cat":[1531,646,642],"product_tag":[809],"_links":{"self":[{"href":"https:\/\/www.eurocontainerslf.it\/index.php?rest_route=\/wp\/v2\/product\/3663"}],"collection":[{"href":"https:\/\/www.eurocontainerslf.it\/index.php?rest_route=\/wp\/v2\/product"}],"about":[{"href":"https:\/\/www.eurocontainerslf.it\/index.php?rest_route=\/wp\/v2\/types\/product"}],"version-history":[{"count":0,"href":"https:\/\/www.eurocontainerslf.it\/index.php?rest_route=\/wp\/v2\/product\/3663\/revisions"}],"wp:featuredmedia":[{"embeddable":true,"href":"https:\/\/www.eurocontainerslf.it\/index.php?rest_route=\/wp\/v2\/media\/4022"}],"wp:attachment":[{"href":"https:\/\/www.eurocontainerslf.it\/index.php?rest_route=%2Fwp%2Fv2%2Fmedia&parent=3663"}],"wp:term":[{"taxonomy":"product_cat","embeddable":true,"href":"https:\/\/www.eurocontainerslf.it\/index.php?rest_route=%2Fwp%2Fv2%2Fproduct_cat&post=3663"},{"taxonomy":"product_tag","embeddable":true,"href":"https:\/\/www.eurocontainerslf.it\/index.php?rest_route=%2Fwp%2Fv2%2Fproduct_tag&post=3663"}],"curies":[{"name":"wp","href":"https:\/\/api.w.org\/{rel}","templated":true}]}}

<p>Speziell für Schlämme und Flüssigkeiten verwendet, Zuladung von oben durch Luken.</p>
