{"id":3553,"date":"2016-10-24T16:01:10","date_gmt":"2016-10-24T16:01:10","guid":{"rendered":"http:\/\/www.eurocontainerslf.it\/?post_type=product&#038;p=3553"},"modified":"2022-05-02T14:29:39","modified_gmt":"2022-05-02T13:29:39","slug":"multibenne-avec-trappes","status":"publish","type":"product","link":"https:\/\/www.eurocontainerslf.it\/?product=multibenne-avec-trappes&lang=fr","title":{"rendered":"Avec Trappes"},"content":{"rendered":"","protected":false},"excerpt":{"rendered":"<p>Multibenne avec couvercles et trappes m\u00e9talliques appropri\u00e9e en particulier pour boues et liquides avec charge du haut, ce produit cache le d\u00e9chet de l\u2019externe et limite les odeurs.<\/p>\n","protected":false},"featured_media":3994,"template":"","meta":[],"product_cat":[1414,548,526],"product_tag":[811],"_links":{"self":[{"href":"https:\/\/www.eurocontainerslf.it\/index.php?rest_route=\/wp\/v2\/product\/3553"}],"collection":[{"href":"https:\/\/www.eurocontainerslf.it\/index.php?rest_route=\/wp\/v2\/product"}],"about":[{"href":"https:\/\/www.eurocontainerslf.it\/index.php?rest_route=\/wp\/v2\/types\/product"}],"version-history":[{"count":1,"href":"https:\/\/www.eurocontainerslf.it\/index.php?rest_route=\/wp\/v2\/product\/3553\/revisions"}],"predecessor-version":[{"id":11604,"href":"https:\/\/www.eurocontainerslf.it\/index.php?rest_route=\/wp\/v2\/product\/3553\/revisions\/11604"}],"wp:featuredmedia":[{"embeddable":true,"href":"https:\/\/www.eurocontainerslf.it\/index.php?rest_route=\/wp\/v2\/media\/3994"}],"wp:attachment":[{"href":"https:\/\/www.eurocontainerslf.it\/index.php?rest_route=%2Fwp%2Fv2%2Fmedia&parent=3553"}],"wp:term":[{"taxonomy":"product_cat","embeddable":true,"href":"https:\/\/www.eurocontainerslf.it\/index.php?rest_route=%2Fwp%2Fv2%2Fproduct_cat&post=3553"},{"taxonomy":"product_tag","embeddable":true,"href":"https:\/\/www.eurocontainerslf.it\/index.php?rest_route=%2Fwp%2Fv2%2Fproduct_tag&post=3553"}],"curies":[{"name":"wp","href":"https:\/\/api.w.org\/{rel}","templated":true}]}}