{"id":3504,"date":"2016-10-24T14:47:37","date_gmt":"2016-10-24T14:47:37","guid":{"rendered":"http:\/\/www.eurocontainerslf.it\/?post_type=product&#038;p=3504"},"modified":"2021-07-16T12:32:44","modified_gmt":"2021-07-16T11:32:44","slug":"presses-fixes","status":"publish","type":"product","link":"https:\/\/www.eurocontainerslf.it\/?product=presses-fixes&lang=fr","title":{"rendered":"Presses Fixes"},"content":{"rendered":"<h3>Options<\/h3>\n<table class=\"gray-table-lc-sx\" width=\"100%\" cellspacing=\"1\" cellpadding=\"2\">\n<tbody>\n<tr>\n<td width=\"170\">Insonoris\u00e9<\/td>\n<td>Avec r\u00e9duction des nuisances sonores jusqu\u2019\u00e0 64dB.<\/td>\n<\/tr>\n<\/tbody>\n<\/table>\n","protected":false},"excerpt":{"rendered":"<p>Syst\u00e8me de compactage avec presseur \u00e0 TIROIR, id\u00e9al pour D\u00e9chets SECS (papier, carton, plastique).<br \/>\nLa tr\u00e9mie d\u2019alimentation est configur\u00e9e aux exigences sp\u00e9cifiques du client.<br \/>\nLa presse est accouplable \u00e0 bennes de 20 \u00e0 35 m3.<br \/>\nSon utilisation est particuli\u00e8rement appropri\u00e9e dans les d\u00e9chetteries, les centres commerciaux et dans les ateliers graphiques ou papeteries situ\u00e9e au-dessous des bandes transporteuses.<\/p>\n","protected":false},"featured_media":3985,"template":"","meta":[],"product_cat":[1323,534],"product_tag":[811],"_links":{"self":[{"href":"https:\/\/www.eurocontainerslf.it\/index.php?rest_route=\/wp\/v2\/product\/3504"}],"collection":[{"href":"https:\/\/www.eurocontainerslf.it\/index.php?rest_route=\/wp\/v2\/product"}],"about":[{"href":"https:\/\/www.eurocontainerslf.it\/index.php?rest_route=\/wp\/v2\/types\/product"}],"version-history":[{"count":0,"href":"https:\/\/www.eurocontainerslf.it\/index.php?rest_route=\/wp\/v2\/product\/3504\/revisions"}],"wp:featuredmedia":[{"embeddable":true,"href":"https:\/\/www.eurocontainerslf.it\/index.php?rest_route=\/wp\/v2\/media\/3985"}],"wp:attachment":[{"href":"https:\/\/www.eurocontainerslf.it\/index.php?rest_route=%2Fwp%2Fv2%2Fmedia&parent=3504"}],"wp:term":[{"taxonomy":"product_cat","embeddable":true,"href":"https:\/\/www.eurocontainerslf.it\/index.php?rest_route=%2Fwp%2Fv2%2Fproduct_cat&post=3504"},{"taxonomy":"product_tag","embeddable":true,"href":"https:\/\/www.eurocontainerslf.it\/index.php?rest_route=%2Fwp%2Fv2%2Fproduct_tag&post=3504"}],"curies":[{"name":"wp","href":"https:\/\/api.w.org\/{rel}","templated":true}]}}

<h3>Options</h3>
<table class="gray-table-lc-sx" width="100%" cellspacing="1" cellpadding="2">
<tbody>
<tr>
<td width="170">Insonorisé</td>
<td>Avec réduction des nuisances sonores jusqu’à 64dB.</td>
</tr>
</tbody>
</table>

<p>Système de compactage avec presseur à TIROIR, idéal pour Déchets SECS (papier, carton, plastique).<br />
La trémie d’alimentation est configurée aux exigences spécifiques du client.<br />
La presse est accouplable à bennes de 20 à 35 m3.<br />
Son utilisation est particulièrement appropriée dans les déchetteries, les centres commerciaux et dans les ateliers graphiques ou papeteries située au-dessous des bandes transporteuses.</p>
