{"id":3503,"date":"2016-10-24T14:45:58","date_gmt":"2016-10-24T14:45:58","guid":{"rendered":"http:\/\/www.eurocontainerslf.it\/?post_type=product&#038;p=3503"},"modified":"2021-07-16T12:32:43","modified_gmt":"2021-07-16T11:32:43","slug":"compacteurs-a-vis","status":"publish","type":"product","link":"https:\/\/www.eurocontainerslf.it\/?product=compacteurs-a-vis&lang=fr","title":{"rendered":"Compacteurs \u00e0 vis"},"content":{"rendered":"<h3>Wood<\/h3>\n<p><a href=\"http:\/\/youtu.be\/E9bo-OZJ7-g\" target=\"_blank\"><i class=\"fa fa-video-camera\"><\/i> Locatelli Eurocontainers Compactor Wood V.1 (Pallets)<\/a><br \/>\n<a href=\"http:\/\/youtu.be\/iXFErctiOpk\" target=\"_blank\"><i class=\"fa fa-video-camera\"><\/i> Locatelli Eurocontainers Compactor Wood V.2<\/a><br \/>\n<a href=\"http:\/\/youtu.be\/CsI1210Dyjk\" target=\"_blank\"><i class=\"fa fa-video-camera\"><\/i> Locatelli Eurocontainers Compactor Wood + Mat\u00e9riel D\u00e9charg\u00e9<\/a><\/p>\n<h3>Paper<\/h3>\n<p><a href=\"http:\/\/youtu.be\/Y-syRWe7l8g\" target=\"_blank\"><i class=\"fa fa-video-camera\"><\/i> Locatelli Eurocontainers Compactor SCS Cartone<\/a><\/p>\n","protected":false},"excerpt":{"rendered":"<p>La LOCATELLI EUROCONTAINERS avec la gamme de compacteurs amovibles MSC \u201cMobile Screw Compactor\u201d\u00a0 propose un des syst\u00e8mes plus efficaces pour compacter mat\u00e9riaux volumineux et encombrants, d\u00e9chets d\u2019emballages, carton.<b> (SCS-PAPER)<\/b><br \/>\nAvec une double action, le syst\u00e8me morc\u00e8le et\u00a0 pr\u00e9pare le mat\u00e9riel \u00e0 la phase de compactage qui se produit d\u00e9j\u00e0 dans la tr\u00e9mie d\u2019alimentation.<\/p>\n<p>La possibilit\u00e9 de charge \u201cno-stop\u201d permet un cycle continu de la machine avec performances de production tr\u00e8s \u00e9lev\u00e9es.<\/p>\n<p>La version <b>SCS \u2013 WOOD<\/b>, projet\u00e9e pour le BOIS, est la solution id\u00e9ale pour traiter d\u00e9chets comme:<\/p>\n<p>branchage, r\u00e9sidus d\u2019\u00e9mondage, Palettes de bois, caissettes pour la fruit, \u00e9l\u00e9ments encombrants, et en g\u00e9n\u00e9ral, conteneurs \u00e0 usage unique, qui viennent \u00e9cras\u00e9s et successivement compact\u00e9s sans aucune probl\u00e8me.<br \/>\nLa cochl\u00e9e de grands dimensions peut \u00eatre \u00e9quip\u00e9e avec sp\u00e9ciaux outils broyeurs, sp\u00e9cifiques pour mat\u00e9riaux particuli\u00e8rement \u201c Difficiles \u201c.<br \/>\nLa particulier g\u00e9om\u00e9trie de la tr\u00e9mie de charge, garantit une correcte alimentation \u00e0 la cochl\u00e9e.<\/p>\n","protected":false},"featured_media":3983,"template":"","meta":[],"product_cat":[1323,534],"product_tag":[811],"_links":{"self":[{"href":"https:\/\/www.eurocontainerslf.it\/index.php?rest_route=\/wp\/v2\/product\/3503"}],"collection":[{"href":"https:\/\/www.eurocontainerslf.it\/index.php?rest_route=\/wp\/v2\/product"}],"about":[{"href":"https:\/\/www.eurocontainerslf.it\/index.php?rest_route=\/wp\/v2\/types\/product"}],"version-history":[{"count":0,"href":"https:\/\/www.eurocontainerslf.it\/index.php?rest_route=\/wp\/v2\/product\/3503\/revisions"}],"wp:featuredmedia":[{"embeddable":true,"href":"https:\/\/www.eurocontainerslf.it\/index.php?rest_route=\/wp\/v2\/media\/3983"}],"wp:attachment":[{"href":"https:\/\/www.eurocontainerslf.it\/index.php?rest_route=%2Fwp%2Fv2%2Fmedia&parent=3503"}],"wp:term":[{"taxonomy":"product_cat","embeddable":true,"href":"https:\/\/www.eurocontainerslf.it\/index.php?rest_route=%2Fwp%2Fv2%2Fproduct_cat&post=3503"},{"taxonomy":"product_tag","embeddable":true,"href":"https:\/\/www.eurocontainerslf.it\/index.php?rest_route=%2Fwp%2Fv2%2Fproduct_tag&post=3503"}],"curies":[{"name":"wp","href":"https:\/\/api.w.org\/{rel}","templated":true}]}}