{"id":3502,"date":"2016-10-24T14:40:40","date_gmt":"2016-10-24T14:40:40","guid":{"rendered":"http:\/\/www.eurocontainerslf.it\/?post_type=product&#038;p=3502"},"modified":"2021-07-16T12:31:25","modified_gmt":"2021-07-16T11:31:25","slug":"compacteurs-monopelle","status":"publish","type":"product","link":"https:\/\/www.eurocontainerslf.it\/?product=compacteurs-monopelle&lang=fr","title":{"rendered":"Compacteurs monopelle"},"content":{"rendered":"<h3>Options<\/h3>\n<table class=\"gray-table-lc-sx\" width=\"100%\" cellspacing=\"1\" cellpadding=\"2\">\n<tbody>\n<tr>\n<td valign=\"middle\" width=\"170\">Insonoris\u00e9<\/td>\n<td>Avec r\u00e9duction des nuisances sonores jusqu\u2019\u00e0 64dB.<\/td>\n<\/tr>\n<tr>\n<td>Alimentation \u00e0 Gazole<\/td>\n<td>Avec panneau de commande moteur (standard 9,6 kW).<\/td>\n<\/tr>\n<tr>\n<td>Alimentation par v\u00e9hicule<\/td>\n<td>Alimentation 24VDC et installation hydraulique avec liens par coupleurs rapides sur le v\u00e9hicule.<\/td>\n<\/tr>\n<\/tbody>\n<\/table>\n","protected":false},"excerpt":{"rendered":"<p>Compacteur amovible MONOPELLE. Il est indiqu\u00e9 pour le transfert de v\u00e9hicules satellites, particuli\u00e8rement conseill\u00e9\u00a0 pour d\u00e9chets \u00e0 fraction humide. La construction sp\u00e9ciale assure l&#039;\u00e9tanch\u00e9it\u00e9 et gr\u00e2ce \u00e0 la innovante g\u00e9om\u00e9trie du caisson l&#039;\u00e9vacuation du produit \u00ab d\u00e9chet \u00bb est tr\u00e8s efficace.<\/p>\n[button title=\"D\u00c9COUVREZ LES COMPACTEURS MONOPAL EVO\" titlecolor=\"#ffffff\" width=\"350px\" url=\"https:\/\/www.eurocontainerslf.it\/fr\/evo-monopale\/\" bgcolor=\"#008e5b\" fonticon=\"fa-arrow-right\" iconalign=\"right\" marginbottom=\"15\"]\n<p>&nbsp;<\/p>\n","protected":false},"featured_media":7998,"template":"","meta":[],"product_cat":[1323,534],"product_tag":[811],"_links":{"self":[{"href":"https:\/\/www.eurocontainerslf.it\/index.php?rest_route=\/wp\/v2\/product\/3502"}],"collection":[{"href":"https:\/\/www.eurocontainerslf.it\/index.php?rest_route=\/wp\/v2\/product"}],"about":[{"href":"https:\/\/www.eurocontainerslf.it\/index.php?rest_route=\/wp\/v2\/types\/product"}],"version-history":[{"count":0,"href":"https:\/\/www.eurocontainerslf.it\/index.php?rest_route=\/wp\/v2\/product\/3502\/revisions"}],"wp:featuredmedia":[{"embeddable":true,"href":"https:\/\/www.eurocontainerslf.it\/index.php?rest_route=\/wp\/v2\/media\/7998"}],"wp:attachment":[{"href":"https:\/\/www.eurocontainerslf.it\/index.php?rest_route=%2Fwp%2Fv2%2Fmedia&parent=3502"}],"wp:term":[{"taxonomy":"product_cat","embeddable":true,"href":"https:\/\/www.eurocontainerslf.it\/index.php?rest_route=%2Fwp%2Fv2%2Fproduct_cat&post=3502"},{"taxonomy":"product_tag","embeddable":true,"href":"https:\/\/www.eurocontainerslf.it\/index.php?rest_route=%2Fwp%2Fv2%2Fproduct_tag&post=3502"}],"curies":[{"name":"wp","href":"https:\/\/api.w.org\/{rel}","templated":true}]}}