{"id":3474,"date":"2016-10-24T13:06:53","date_gmt":"2016-10-24T12:06:53","guid":{"rendered":"http:\/\/www.eurocontainerslf.it\/?post_type=product&#038;p=3474"},"modified":"2022-03-21T10:56:20","modified_gmt":"2022-03-21T09:56:20","slug":"bennes-pour-gravats-inertes","status":"publish","type":"product","link":"https:\/\/www.eurocontainerslf.it\/?product=bennes-pour-gravats-inertes&lang=fr","title":{"rendered":"Bennes pour Gravats\/Inertes"},"content":{"rendered":"<h3>Dimensions<\/h3>\n<table class=\"gray-table-lc-cc\" border=\"1\" width=\"665\" cellspacing=\"1\" cellpadding=\"2\">\n<tbody>\n<tr>\n<td valign=\"middle\" width=\"8\"><b>VOLUME (m3)<\/b><\/td>\n<td width=\"100\"><b>LONGUEUR EXT AVEC CROCHET (m)<br \/>\n<\/b><\/td>\n<td><b>LARGEUR EXT (m)\u00a0<\/b><\/td>\n<td><b>HAUTEUR UTILE (m)<br \/>\n<\/b><\/td>\n<\/tr>\n<tr>\n<td>10<\/td>\n<td>5,20<\/td>\n<td>\u00a02,50<\/td>\n<td>\u00a00,90<\/td>\n<\/tr>\n<tr>\n<td>15<\/td>\n<td>5,70<\/td>\n<td>\u00a02,50<\/td>\n<td>\u00a01,20<\/td>\n<\/tr>\n<tr>\n<td>\u00a017<\/td>\n<td>\u00a05,70<\/td>\n<td>\u00a0 2,50<\/td>\n<td>\u00a01,35<\/td>\n<\/tr>\n<tr>\n<td>\u00a020<\/td>\n<td>\u00a05,70<\/td>\n<td>\u00a0 2,50<\/td>\n<td>\u00a01,55<\/td>\n<\/tr>\n<\/tbody>\n<\/table>\n<h3>Dimensions pour Minibennes<\/h3>\n<table class=\"gray-table-lc-cc\" border=\"1\" width=\"550\" cellspacing=\"1\" cellpadding=\"2\">\n<tbody>\n<tr>\n<td width=\"100\"><b>LONGUEUR EXT AVEC CROCHET (m)<br \/>\n<\/b><\/td>\n<td><b>LARGEUR EXT (m)<\/b><\/td>\n<td><b>HAUTEUR UTILE (m)<br \/>\n<\/b><\/td>\n<\/tr>\n<tr>\n<td>de 3,00 \u00e0 3,80<\/td>\n<td>\u00a02,00<\/td>\n<td>\u00a00,60<\/td>\n<\/tr>\n<tr>\n<td>de 3,00 \u00e0 3,80<\/td>\n<td>\u00a02,00<\/td>\n<td>\u00a01,00<\/td>\n<\/tr>\n<tr>\n<td>de 3,00 \u00e0 3,80<\/td>\n<td>\u00a0 2,00<\/td>\n<td>\u00a01,35<\/td>\n<\/tr>\n<tr>\n<td>de 3,00 \u00e0 3,80<\/td>\n<td>\u00a02,00<\/td>\n<td>\u00a01,55<\/td>\n<\/tr>\n<\/tbody>\n<\/table>\n<p>*Locatelli Eurocontainers construit bennes ampliroll sur mesure!<\/p>\n<h3>Options<\/h3>\n<table class=\"gray-table-lc-sx\" border=\"1\" width=\"100%\" cellspacing=\"1\" cellpadding=\"2\">\n<tbody>\n<tr>\n<td valign=\"middle\" width=\"150\">T\u00f4le fond et c\u00f4t\u00e9s<\/td>\n<td>\u00c9paisseur de 4\/5 mm (<strong>Standard 3 mm<\/strong>)<\/td>\n<\/tr>\n<\/tbody>\n<\/table>\n","protected":false},"excerpt":{"rendered":"<p>Elles sont utilis\u00e9es pour sable, gravier et d\u00e9chets de d\u00e9molition.<\/p>\n","protected":false},"featured_media":11144,"template":"","meta":[],"product_cat":[1297,528],"product_tag":[811],"_links":{"self":[{"href":"https:\/\/www.eurocontainerslf.it\/index.php?rest_route=\/wp\/v2\/product\/3474"}],"collection":[{"href":"https:\/\/www.eurocontainerslf.it\/index.php?rest_route=\/wp\/v2\/product"}],"about":[{"href":"https:\/\/www.eurocontainerslf.it\/index.php?rest_route=\/wp\/v2\/types\/product"}],"version-history":[{"count":0,"href":"https:\/\/www.eurocontainerslf.it\/index.php?rest_route=\/wp\/v2\/product\/3474\/revisions"}],"wp:featuredmedia":[{"embeddable":true,"href":"https:\/\/www.eurocontainerslf.it\/index.php?rest_route=\/wp\/v2\/media\/11144"}],"wp:attachment":[{"href":"https:\/\/www.eurocontainerslf.it\/index.php?rest_route=%2Fwp%2Fv2%2Fmedia&parent=3474"}],"wp:term":[{"taxonomy":"product_cat","embeddable":true,"href":"https:\/\/www.eurocontainerslf.it\/index.php?rest_route=%2Fwp%2Fv2%2Fproduct_cat&post=3474"},{"taxonomy":"product_tag","embeddable":true,"href":"https:\/\/www.eurocontainerslf.it\/index.php?rest_route=%2Fwp%2Fv2%2Fproduct_tag&post=3474"}],"curies":[{"name":"wp","href":"https:\/\/api.w.org\/{rel}","templated":true}]}}

<h3>Dimensions</h3>
<table class="gray-table-lc-cc" border="1" width="665" cellspacing="1" cellpadding="2">
<tbody>
<tr>
<td valign="middle" width="8"><b>VOLUME (m3)</b></td>
<td width="100"><b>LONGUEUR EXT AVEC CROCHET (m)<br />
</b></td>
<td><b>LARGEUR EXT (m) </b></td>
<td><b>HAUTEUR UTILE (m)<br />
</b></td>
</tr>
<tr>
<td>10</td>
<td>5,20</td>
<td> 2,50</td>
<td> 0,90</td>
</tr>
<tr>
<td>15</td>
<td>5,70</td>
<td> 2,50</td>
<td> 1,20</td>
</tr>
<tr>
<td> 17</td>
<td> 5,70</td>
<td>  2,50</td>
<td> 1,35</td>
</tr>
<tr>
<td> 20</td>
<td> 5,70</td>
<td>  2,50</td>
<td> 1,55</td>
</tr>
</tbody>
</table>
<h3>Dimensions pour Minibennes</h3>
<table class="gray-table-lc-cc" border="1" width="550" cellspacing="1" cellpadding="2">
<tbody>
<tr>
<td width="100"><b>LONGUEUR EXT AVEC CROCHET (m)<br />
</b></td>
<td><b>LARGEUR EXT (m)</b></td>
<td><b>HAUTEUR UTILE (m)<br />
</b></td>
</tr>
<tr>
<td>de 3,00 à 3,80</td>
<td> 2,00</td>
<td> 0,60</td>
</tr>
<tr>
<td>de 3,00 à 3,80</td>
<td> 2,00</td>
<td> 1,00</td>
</tr>
<tr>
<td>de 3,00 à 3,80</td>
<td>  2,00</td>
<td> 1,35</td>
</tr>
<tr>
<td>de 3,00 à 3,80</td>
<td> 2,00</td>
<td> 1,55</td>
</tr>
</tbody>
</table>
<p>*Locatelli Eurocontainers construit bennes ampliroll sur mesure!</p>
<h3>Options</h3>
<table class="gray-table-lc-sx" border="1" width="100%" cellspacing="1" cellpadding="2">
<tbody>
<tr>
<td valign="middle" width="150">Tôle fond et côtés</td>
<td>Épaisseur de 4/5 mm (<strong>Standard 3 mm</strong>)</td>
</tr>
</tbody>
</table>

<p>Elles sont utilisées pour sable, gravier et déchets de démolition.</p>
