{"id":14878,"date":"2023-12-11T08:49:44","date_gmt":"2023-12-11T07:49:44","guid":{"rendered":"https:\/\/www.eurocontainerslf.it\/?page_id=14878"},"modified":"2023-12-13T16:41:46","modified_gmt":"2023-12-13T15:41:46","slug":"whistleblowing","status":"publish","type":"page","link":"https:\/\/www.eurocontainerslf.it\/?page_id=14878","title":{"rendered":"Whistleblowing"},"content":{"rendered":"\t\t<div data-elementor-type=\"wp-page\" data-elementor-id=\"14878\" class=\"elementor elementor-14878\" data-elementor-post-type=\"page\">\n\t\t\t\t\t\t\t\t\t<section class=\"elementor-section elementor-top-section elementor-element elementor-element-67c0380 elementor-section-boxed elementor-section-height-default elementor-section-height-default\" data-id=\"67c0380\" data-element_type=\"section\">\n\t\t\t\t\t\t<div class=\"elementor-container elementor-column-gap-default\">\n\t\t\t\t\t<div class=\"elementor-column elementor-col-100 elementor-top-column elementor-element elementor-element-a952109\" data-id=\"a952109\" data-element_type=\"column\">\n\t\t\t<div class=\"elementor-widget-wrap elementor-element-populated\">\n\t\t\t\t\t\t\t\t<div class=\"elementor-element elementor-element-d08a9be elementor-widget elementor-widget-text-editor\" data-id=\"d08a9be\" data-element_type=\"widget\" data-widget_type=\"text-editor.default\">\n\t\t\t\t<div class=\"elementor-widget-container\">\n\t\t\t<style>\/*! elementor - v3.17.0 - 08-11-2023 *\/\n.elementor-widget-text-editor.elementor-drop-cap-view-stacked .elementor-drop-cap{background-color:#69727d;color:#fff}.elementor-widget-text-editor.elementor-drop-cap-view-framed .elementor-drop-cap{color:#69727d;border:3px solid;background-color:transparent}.elementor-widget-text-editor:not(.elementor-drop-cap-view-default) .elementor-drop-cap{margin-top:8px}.elementor-widget-text-editor:not(.elementor-drop-cap-view-default) .elementor-drop-cap-letter{width:1em;height:1em}.elementor-widget-text-editor .elementor-drop-cap{float:left;text-align:center;line-height:1;font-size:50px}.elementor-widget-text-editor .elementor-drop-cap-letter{display:inline-block}<\/style>\t\t\t\t<p style=\"text-align: justify;\"><span style=\"mso-bidi-font-size: 11.0pt; font-family: 'Arial Nova',sans-serif; mso-bidi-font-family: Calibri;\">LOCATELLI EUROCONTAINERS S.p.A. <\/span>\u00e8 dotata di un sistema di ricezione, gestione, analisi e trattamento delle segnalazioni, anche anonime, mettendo a disposizione dei segnalanti (lavoratori, collaboratori, consulenti, fornitori, partner, azionisti e membri degli organi sociali) un portale per comunicare all\u2019organo preposto della Societ\u00e0 le irregolarit\u00e0 di cui si \u00e8 venuti a conoscenza.<\/p><p style=\"text-align: justify;\">Come descritto nella <b><u><span style=\"color: #44546a; mso-themecolor: text2;\">Whistleblowing Policy<\/span><\/u><\/b>, <span style=\"mso-bidi-font-size: 11.0pt; font-family: 'Arial Nova',sans-serif; mso-bidi-font-family: Calibri;\">LOCATELLI EUROCONTAINERS S.p.A. <\/span>assicura la protezione e la riservatezza dell\u2019identit\u00e0 del segnalante nonch\u00e9 degli altri soggetti meritevoli di tutela in osservanza del D. Lgs. 24\/2023 e delle informazioni contenute nella segnalazione (inclusa l\u2019identit\u00e0 della persona oggetto della segnalazione) e, in ogni caso, garantisce la tutela contro ogni possibile ritorsione legata, anche indirettamente, ai fatti segnalati.<\/p><p style=\"text-align: justify;\">La Piattaforma va utilizzata esclusivamente dai soggetti definiti segnalanti ai sensi della normativa e per le finalit\u00e0 indicate. <b><u>Non sono segnalazioni whistleblowing e non saranno, quindi, prese in considerazione ad esempio:<\/u><\/b><\/p><ul style=\"margin-top: 0cm;\" type=\"disc\"><li style=\"text-align: justify; mso-list: l0 level1 lfo1; tab-stops: list 36.0pt;\"><b><u>Contestazioni, rivendicazioni o richieste personali relative al proprio rapporto di lavoro (da inviare alle funzioni del Personale di competenza).<\/u><\/b><\/li><li style=\"text-align: justify; mso-list: l0 level1 lfo1; tab-stops: list 36.0pt;\"><b><u>Reclami relativi a disservizi delle prestazioni rese dalla societ\u00e0 (da inviare alle dedicate funzioni aziendali).<\/u><\/b><\/li><\/ul>\t\t\t\t\t\t<\/div>\n\t\t\t\t<\/div>\n\t\t\t\t<div class=\"elementor-element elementor-element-37cf09a elementor-align-center elementor-widget elementor-widget-button\" data-id=\"37cf09a\" data-element_type=\"widget\" data-widget_type=\"button.default\">\n\t\t\t\t<div class=\"elementor-widget-container\">\n\t\t\t\t\t<div class=\"elementor-button-wrapper\">\n\t\t\t<a class=\"elementor-button elementor-button-link elementor-size-lg\" href=\"https:\/\/eurocontainerslf.trusty.report\/\" target=\"_blank\">\n\t\t\t\t\t\t<span class=\"elementor-button-content-wrapper\">\n\t\t\t\t\t\t<span class=\"elementor-button-text\">Inviaci una segnalazione<\/span>\n\t\t<\/span>\n\t\t\t\t\t<\/a>\n\t\t<\/div>\n\t\t\t\t<\/div>\n\t\t\t\t<\/div>\n\t\t\t\t<div class=\"elementor-element elementor-element-b216a66 elementor-widget elementor-widget-text-editor\" data-id=\"b216a66\" data-element_type=\"widget\" data-widget_type=\"text-editor.default\">\n\t\t\t\t<div class=\"elementor-widget-container\">\n\t\t\t\t\t\t\t<h2>Quali altri canali di segnalazione puoi utilizzare?<\/h2><p style=\"text-align: justify;\">Oltre alla Piattaforma di cui sopra, da considerare preferenziale e idonea a garantire con modalit\u00e0 informatiche la riservatezza dell\u2019identit\u00e0 del segnalante, possono essere utilizzati anche i seguenti canali:<\/p><ul><li style=\"text-align: justify;\"><span style=\"text-indent: -18pt; color: var( --e-global-color-text );\">Posta elettronica: segnalazioni@eurocontainerslf.it<\/span><\/li><li style=\"text-align: justify;\">Posta ordinaria: <b style=\"text-indent: -18pt;\">Locatelli Eurocontainers S.p.A. Via Crema, 72 \u2013 24055 Cologno al Serio (BG)<\/b><\/li><li style=\"text-align: justify;\">Forma orale richiesta specifica del segnalante<\/li><\/ul><p style=\"margin-bottom: 6.0pt;\"><b>Canale esterno di segnalazione gestito dall\u2019Autorit\u00e0 Nazionale Anti Corruzione (ANAC)<\/b><\/p><p style=\"margin-bottom: 6.0pt;\"><span style=\"text-align: justify; color: var( --e-global-color-text );\">Nei casi tassativamente indicati ai sensi dell\u2019art. 6 e dall\u2019art. 19 del D. Lgs. \u00a024\/2023, \u00e8 possibile effettuare una segnalazione anche all\u2019Autorit\u00e0 competente in materia (ANAC) tramite il canale disponibile al seguente link\u00a0<\/span><a style=\"text-align: justify;\" href=\"https:\/\/www.anticorruzione.it\/-\/whistleblowing\" target=\"_blank\" rel=\"noopener\">https:\/\/www.anticorruzione.it\/-\/whistleblowing<\/a><span style=\"text-align: justify; color: var( --e-global-color-text );\">.<\/span><\/p><p style=\"margin-bottom: 6.0pt;\"><b>Informativa privacy<\/b><\/p><p style=\"text-align: justify;\">Le informazioni e i dati personali che vengono comunicati nel contesto delle segnalazioni sono trattati per gestire e dare seguito alle segnalazioni stesse, nonch\u00e9 indagare le eventuali condotte segnalate e adottare le misure necessarie in conformit\u00e0 con le leggi applicabili, inclusa la normativa in materia di protezione dei dati personali.<\/p>\t\t\t\t\t\t<\/div>\n\t\t\t\t<\/div>\n\t\t\t\t\t<\/div>\n\t\t<\/div>\n\t\t\t\t\t\t\t<\/div>\n\t\t<\/section>\n\t\t\t\t<section class=\"elementor-section elementor-top-section elementor-element elementor-element-9fe207a elementor-section-boxed elementor-section-height-default elementor-section-height-default\" data-id=\"9fe207a\" data-element_type=\"section\">\n\t\t\t\t\t\t<div class=\"elementor-container elementor-column-gap-default\">\n\t\t\t\t\t<div class=\"elementor-column elementor-col-16 elementor-top-column elementor-element elementor-element-3d927af\" data-id=\"3d927af\" data-element_type=\"column\">\n\t\t\t<div class=\"elementor-widget-wrap elementor-element-populated\">\n\t\t\t\t\t\t\t\t<div class=\"elementor-element elementor-element-ab700c5 elementor-align-center elementor-widget elementor-widget-button\" data-id=\"ab700c5\" data-element_type=\"widget\" data-widget_type=\"button.default\">\n\t\t\t\t<div class=\"elementor-widget-container\">\n\t\t\t\t\t<div class=\"elementor-button-wrapper\">\n\t\t\t<a class=\"elementor-button elementor-button-link elementor-size-sm\" href=\"https:\/\/www.eurocontainerslf.it\/wp-content\/uploads\/2023\/12\/Policy-Whistleblowing-LOCATELLI-E.pdf\" target=\"_blank\">\n\t\t\t\t\t\t<span class=\"elementor-button-content-wrapper\">\n\t\t\t\t\t\t<span class=\"elementor-button-text\">Policy<\/span>\n\t\t<\/span>\n\t\t\t\t\t<\/a>\n\t\t<\/div>\n\t\t\t\t<\/div>\n\t\t\t\t<\/div>\n\t\t\t\t\t<\/div>\n\t\t<\/div>\n\t\t\t\t<div class=\"elementor-column elementor-col-16 elementor-top-column elementor-element elementor-element-b1453e6\" data-id=\"b1453e6\" data-element_type=\"column\">\n\t\t\t<div class=\"elementor-widget-wrap elementor-element-populated\">\n\t\t\t\t\t\t\t\t<div class=\"elementor-element elementor-element-698342e elementor-align-center elementor-widget elementor-widget-button\" data-id=\"698342e\" data-element_type=\"widget\" data-widget_type=\"button.default\">\n\t\t\t\t<div class=\"elementor-widget-container\">\n\t\t\t\t\t<div class=\"elementor-button-wrapper\">\n\t\t\t<a class=\"elementor-button elementor-button-link elementor-size-sm\" href=\"https:\/\/www.eurocontainerslf.it\/wp-content\/uploads\/2023\/12\/Guida-Operativa-Segnalazioni-Whistleblowing-Trusty-report-LOCATELLI.pdf\" target=\"_blank\">\n\t\t\t\t\t\t<span class=\"elementor-button-content-wrapper\">\n\t\t\t\t\t\t<span class=\"elementor-button-text\">Guida utilizzo piattaforma<\/span>\n\t\t<\/span>\n\t\t\t\t\t<\/a>\n\t\t<\/div>\n\t\t\t\t<\/div>\n\t\t\t\t<\/div>\n\t\t\t\t\t<\/div>\n\t\t<\/div>\n\t\t\t\t<div class=\"elementor-column elementor-col-16 elementor-top-column elementor-element elementor-element-804fe56\" data-id=\"804fe56\" data-element_type=\"column\">\n\t\t\t<div class=\"elementor-widget-wrap elementor-element-populated\">\n\t\t\t\t\t\t\t\t<div class=\"elementor-element elementor-element-537dc1f elementor-align-center elementor-widget elementor-widget-button\" data-id=\"537dc1f\" data-element_type=\"widget\" data-widget_type=\"button.default\">\n\t\t\t\t<div class=\"elementor-widget-container\">\n\t\t\t\t\t<div class=\"elementor-button-wrapper\">\n\t\t\t<a class=\"elementor-button elementor-button-link elementor-size-sm\" href=\"https:\/\/www.eurocontainerslf.it\/wp-content\/uploads\/2023\/12\/Trusty-Quick_Guide_for_Whistleblowers.pdf\" target=\"_blank\">\n\t\t\t\t\t\t<span class=\"elementor-button-content-wrapper\">\n\t\t\t\t\t\t<span class=\"elementor-button-text\">Quick Guide<\/span>\n\t\t<\/span>\n\t\t\t\t\t<\/a>\n\t\t<\/div>\n\t\t\t\t<\/div>\n\t\t\t\t<\/div>\n\t\t\t\t\t<\/div>\n\t\t<\/div>\n\t\t\t\t<div class=\"elementor-column elementor-col-16 elementor-top-column elementor-element elementor-element-bb81114\" data-id=\"bb81114\" data-element_type=\"column\">\n\t\t\t<div class=\"elementor-widget-wrap elementor-element-populated\">\n\t\t\t\t\t\t\t\t<div class=\"elementor-element elementor-element-459ea5d elementor-align-center elementor-widget elementor-widget-button\" data-id=\"459ea5d\" data-element_type=\"widget\" data-widget_type=\"button.default\">\n\t\t\t\t<div class=\"elementor-widget-container\">\n\t\t\t\t\t<div class=\"elementor-button-wrapper\">\n\t\t\t<a class=\"elementor-button elementor-button-link elementor-size-sm\" href=\"https:\/\/www.eurocontainerslf.it\/wp-content\/uploads\/2023\/12\/FAQ-PIATTAFORMA-SEGNALAZIONI-LOCATELLI-E.pdf\" target=\"_blank\">\n\t\t\t\t\t\t<span class=\"elementor-button-content-wrapper\">\n\t\t\t\t\t\t<span class=\"elementor-button-text\">F.A.Q.<\/span>\n\t\t<\/span>\n\t\t\t\t\t<\/a>\n\t\t<\/div>\n\t\t\t\t<\/div>\n\t\t\t\t<\/div>\n\t\t\t\t\t<\/div>\n\t\t<\/div>\n\t\t\t\t<div class=\"elementor-column elementor-col-16 elementor-top-column elementor-element elementor-element-3fa5679\" data-id=\"3fa5679\" data-element_type=\"column\">\n\t\t\t<div class=\"elementor-widget-wrap elementor-element-populated\">\n\t\t\t\t\t\t\t\t<div class=\"elementor-element elementor-element-4289132 elementor-align-center elementor-widget elementor-widget-button\" data-id=\"4289132\" data-element_type=\"widget\" data-widget_type=\"button.default\">\n\t\t\t\t<div class=\"elementor-widget-container\">\n\t\t\t\t\t<div class=\"elementor-button-wrapper\">\n\t\t\t<a class=\"elementor-button elementor-button-link elementor-size-sm\" href=\"https:\/\/www.eurocontainerslf.it\/wp-content\/uploads\/2023\/12\/Dlgs-24-del-10-marzo-2023-whistleblowing.pdf\" target=\"_blank\">\n\t\t\t\t\t\t<span class=\"elementor-button-content-wrapper\">\n\t\t\t\t\t\t<span class=\"elementor-button-text\">D.Lgs. 24\/2023<\/span>\n\t\t<\/span>\n\t\t\t\t\t<\/a>\n\t\t<\/div>\n\t\t\t\t<\/div>\n\t\t\t\t<\/div>\n\t\t\t\t\t<\/div>\n\t\t<\/div>\n\t\t\t\t<div class=\"elementor-column elementor-col-16 elementor-top-column elementor-element elementor-element-949a65b\" data-id=\"949a65b\" data-element_type=\"column\">\n\t\t\t<div class=\"elementor-widget-wrap elementor-element-populated\">\n\t\t\t\t\t\t\t\t<div class=\"elementor-element elementor-element-f483dc3 elementor-align-center elementor-widget elementor-widget-button\" data-id=\"f483dc3\" data-element_type=\"widget\" data-widget_type=\"button.default\">\n\t\t\t\t<div class=\"elementor-widget-container\">\n\t\t\t\t\t<div class=\"elementor-button-wrapper\">\n\t\t\t<a class=\"elementor-button elementor-button-link elementor-size-sm\" href=\"https:\/\/www.eurocontainerslf.it\/wp-content\/uploads\/2023\/12\/Informativa-privacy-WHISTLEBLOWING-LOCATELLI-E.pdf\" target=\"_blank\">\n\t\t\t\t\t\t<span class=\"elementor-button-content-wrapper\">\n\t\t\t\t\t\t<span class=\"elementor-button-text\">Informativa Privacy<\/span>\n\t\t<\/span>\n\t\t\t\t\t<\/a>\n\t\t<\/div>\n\t\t\t\t<\/div>\n\t\t\t\t<\/div>\n\t\t\t\t\t<\/div>\n\t\t<\/div>\n\t\t\t\t\t\t\t<\/div>\n\t\t<\/section>\n\t\t\t\t\t\t\t<\/div>\n\t\t","protected":false},"excerpt":{"rendered":"<p>LOCATELLI EUROCONTAINERS S.p.A. \u00e8 dotata di un sistema di ricezione, gestione, analisi e trattamento delle segnalazioni, anche anonime, mettendo a disposizione dei segnalanti (lavoratori, collaboratori, consulenti, fornitori, partner, azionisti e membri degli organi sociali) un portale per comunicare all\u2019organo preposto della Societ\u00e0 le irregolarit\u00e0 di cui si \u00e8 venuti a conoscenza. Come descritto nella Whistleblowing [&hellip;]<\/p>\n","protected":false},"author":4,"featured_media":0,"parent":0,"menu_order":0,"comment_status":"closed","ping_status":"closed","template":"","meta":{"footnotes":""},"_links":{"self":[{"href":"https:\/\/www.eurocontainerslf.it\/index.php?rest_route=\/wp\/v2\/pages\/14878"}],"collection":[{"href":"https:\/\/www.eurocontainerslf.it\/index.php?rest_route=\/wp\/v2\/pages"}],"about":[{"href":"https:\/\/www.eurocontainerslf.it\/index.php?rest_route=\/wp\/v2\/types\/page"}],"author":[{"embeddable":true,"href":"https:\/\/www.eurocontainerslf.it\/index.php?rest_route=\/wp\/v2\/users\/4"}],"replies":[{"embeddable":true,"href":"https:\/\/www.eurocontainerslf.it\/index.php?rest_route=%2Fwp%2Fv2%2Fcomments&post=14878"}],"version-history":[{"count":43,"href":"https:\/\/www.eurocontainerslf.it\/index.php?rest_route=\/wp\/v2\/pages\/14878\/revisions"}],"predecessor-version":[{"id":14955,"href":"https:\/\/www.eurocontainerslf.it\/index.php?rest_route=\/wp\/v2\/pages\/14878\/revisions\/14955"}],"wp:attachment":[{"href":"https:\/\/www.eurocontainerslf.it\/index.php?rest_route=%2Fwp%2Fv2%2Fmedia&parent=14878"}],"curies":[{"name":"wp","href":"https:\/\/api.w.org\/{rel}","templated":true}]}}