{"id":3550,"date":"2016-10-24T15:58:30","date_gmt":"2016-10-24T15:58:30","guid":{"rendered":"http:\/\/www.eurocontainerslf.it\/wp-content\/uploads\/2016\/10\/Ouverture-post\u00e9rieure-\u00e0-drapeau-01.jpg"},"modified":"2016-10-24T15:58:30","modified_gmt":"2016-10-24T15:58:30","slug":"ouverture-posterieure-a-drapeau-01","status":"inherit","type":"attachment","link":"https:\/\/www.eurocontainerslf.it\/?attachment_id=3550","title":{"rendered":"ouverture-posterieure-a-drapeau-01"},"author":1,"comment_status":"open","ping_status":"closed","template":"","meta":[],"description":{"rendered":"<p class=\"attachment\"><a href='https:\/\/www.eurocontainerslf.it\/wp-content\/uploads\/2016\/10\/Ouverture-post\u00e9rieure-\u00e0-drapeau-01.jpg'><img loading=\"lazy\" decoding=\"async\" width=\"300\" height=\"300\" src=\"https:\/\/www.eurocontainerslf.it\/wp-content\/uploads\/2016\/10\/Ouverture-post\u00e9rieure-\u00e0-drapeau-01-300x300.jpg\" class=\"attachment-medium size-medium\" alt=\"\" srcset=\"https:\/\/www.eurocontainerslf.it\/wp-content\/uploads\/2016\/10\/Ouverture-post\u00e9rieure-\u00e0-drapeau-01-300x300.jpg 300w, https:\/\/www.eurocontainerslf.it\/wp-content\/uploads\/2016\/10\/Ouverture-post\u00e9rieure-\u00e0-drapeau-01-180x180.jpg 180w, https:\/\/www.eurocontainerslf.it\/wp-content\/uploads\/2016\/10\/Ouverture-post\u00e9rieure-\u00e0-drapeau-01-750x750.jpg 750w, https:\/\/www.eurocontainerslf.it\/wp-content\/uploads\/2016\/10\/Ouverture-post\u00e9rieure-\u00e0-drapeau-01-150x150.jpg 150w, https:\/\/www.eurocontainerslf.it\/wp-content\/uploads\/2016\/10\/Ouverture-post\u00e9rieure-\u00e0-drapeau-01-768x768.jpg 768w, https:\/\/www.eurocontainerslf.it\/wp-content\/uploads\/2016\/10\/Ouverture-post\u00e9rieure-\u00e0-drapeau-01-500x500.jpg 500w, https:\/\/www.eurocontainerslf.it\/wp-content\/uploads\/2016\/10\/Ouverture-post\u00e9rieure-\u00e0-drapeau-01.jpg 800w\" sizes=\"(max-width: 300px) 100vw, 300px\" \/><\/a><\/p>\n"},"caption":{"rendered":""},"alt_text":"","media_type":"image","mime_type":"image\/jpeg","media_details":{"width":800,"height":800,"file":"2016\/10\/Ouverture-post\u00e9rieure-\u00e0-drapeau-01.jpg","filesize":29779,"sizes":{"woocommerce_thumbnail":{"file":"Ouverture-post\u00e9rieure-\u00e0-drapeau-01-500x375.jpg","width":500,"height":375,"filesize":24306,"uncropped":false,"mime_type":"image\/jpeg","source_url":"https:\/\/www.eurocontainerslf.it\/wp-content\/uploads\/2016\/10\/Ouverture-post\u00e9rieure-\u00e0-drapeau-01-500x375.jpg"},"woocommerce_gallery_thumbnail":{"file":"Ouverture-post\u00e9rieure-\u00e0-drapeau-01-180x180.jpg","width":180,"height":180,"filesize":5322,"mime_type":"image\/jpeg","source_url":"https:\/\/www.eurocontainerslf.it\/wp-content\/uploads\/2016\/10\/Ouverture-post\u00e9rieure-\u00e0-drapeau-01-180x180.jpg"},"woocommerce_single":{"file":"Ouverture-post\u00e9rieure-\u00e0-drapeau-01-750x750.jpg","width":750,"height":750,"filesize":46001,"mime_type":"image\/jpeg","source_url":"https:\/\/www.eurocontainerslf.it\/wp-content\/uploads\/2016\/10\/Ouverture-post\u00e9rieure-\u00e0-drapeau-01-750x750.jpg"},"thumbnail":{"file":"Ouverture-post\u00e9rieure-\u00e0-drapeau-01-150x150.jpg","width":150,"height":150,"mime_type":"image\/jpeg","source_url":"https:\/\/www.eurocontainerslf.it\/wp-content\/uploads\/2016\/10\/Ouverture-post\u00e9rieure-\u00e0-drapeau-01-150x150.jpg"},"medium":{"file":"Ouverture-post\u00e9rieure-\u00e0-drapeau-01-300x300.jpg","width":300,"height":300,"mime_type":"image\/jpeg","source_url":"https:\/\/www.eurocontainerslf.it\/wp-content\/uploads\/2016\/10\/Ouverture-post\u00e9rieure-\u00e0-drapeau-01-300x300.jpg"},"medium_large":{"file":"Ouverture-post\u00e9rieure-\u00e0-drapeau-01-768x768.jpg","width":768,"height":768,"mime_type":"image\/jpeg","source_url":"https:\/\/www.eurocontainerslf.it\/wp-content\/uploads\/2016\/10\/Ouverture-post\u00e9rieure-\u00e0-drapeau-01-768x768.jpg"},"shop_thumbnail":{"file":"Ouverture-post\u00e9rieure-\u00e0-drapeau-01-180x180.jpg","width":180,"height":180,"mime_type":"image\/jpeg","source_url":"https:\/\/www.eurocontainerslf.it\/wp-content\/uploads\/2016\/10\/Ouverture-post\u00e9rieure-\u00e0-drapeau-01-180x180.jpg"},"shop_catalog":{"file":"Ouverture-post\u00e9rieure-\u00e0-drapeau-01-500x500.jpg","width":500,"height":500,"uncropped":false,"mime_type":"image\/jpeg","source_url":"https:\/\/www.eurocontainerslf.it\/wp-content\/uploads\/2016\/10\/Ouverture-post\u00e9rieure-\u00e0-drapeau-01-500x500.jpg"},"shop_single":{"file":"Ouverture-post\u00e9rieure-\u00e0-drapeau-01-750x750.jpg","width":750,"height":750,"mime_type":"image\/jpeg","source_url":"https:\/\/www.eurocontainerslf.it\/wp-content\/uploads\/2016\/10\/Ouverture-post\u00e9rieure-\u00e0-drapeau-01-750x750.jpg"},"full":{"file":"Ouverture-post\u00e9rieure-\u00e0-drapeau-01.jpg","width":800,"height":800,"mime_type":"image\/jpeg","source_url":"https:\/\/www.eurocontainerslf.it\/wp-content\/uploads\/2016\/10\/Ouverture-post\u00e9rieure-\u00e0-drapeau-01.jpg"}},"image_meta":{"aperture":"0","credit":"","camera":"","caption":"","created_timestamp":"0","copyright":"","focal_length":"0","iso":"0","shutter_speed":"0","title":"","orientation":"0","keywords":[]}},"post":3546,"source_url":"https:\/\/www.eurocontainerslf.it\/wp-content\/uploads\/2016\/10\/Ouverture-post\u00e9rieure-\u00e0-drapeau-01.jpg","_links":{"self":[{"href":"https:\/\/www.eurocontainerslf.it\/index.php?rest_route=\/wp\/v2\/media\/3550"}],"collection":[{"href":"https:\/\/www.eurocontainerslf.it\/index.php?rest_route=\/wp\/v2\/media"}],"about":[{"href":"https:\/\/www.eurocontainerslf.it\/index.php?rest_route=\/wp\/v2\/types\/attachment"}],"author":[{"embeddable":true,"href":"https:\/\/www.eurocontainerslf.it\/index.php?rest_route=\/wp\/v2\/users\/1"}],"replies":[{"embeddable":true,"href":"https:\/\/www.eurocontainerslf.it\/index.php?rest_route=%2Fwp%2Fv2%2Fcomments&post=3550"}]}}

http://www.eurocontainerslf.it/wp-content/uploads/2016/10/Ouverture-postérieure-à-drapeau-01.jpg

<p class="attachment"><a href='https://www.eurocontainerslf.it/wp-content/uploads/2016/10/Ouverture-postérieure-à-drapeau-01.jpg'><img loading="lazy" decoding="async" width="300" height="300" src="https://www.eurocontainerslf.it/wp-content/uploads/2016/10/Ouverture-postérieure-à-drapeau-01-300x300.jpg" class="attachment-medium size-medium" alt="" srcset="https://www.eurocontainerslf.it/wp-content/uploads/2016/10/Ouverture-postérieure-à-drapeau-01-300x300.jpg 300w, https://www.eurocontainerslf.it/wp-content/uploads/2016/10/Ouverture-postérieure-à-drapeau-01-180x180.jpg 180w, https://www.eurocontainerslf.it/wp-content/uploads/2016/10/Ouverture-postérieure-à-drapeau-01-750x750.jpg 750w, https://www.eurocontainerslf.it/wp-content/uploads/2016/10/Ouverture-postérieure-à-drapeau-01-150x150.jpg 150w, https://www.eurocontainerslf.it/wp-content/uploads/2016/10/Ouverture-postérieure-à-drapeau-01-768x768.jpg 768w, https://www.eurocontainerslf.it/wp-content/uploads/2016/10/Ouverture-postérieure-à-drapeau-01-500x500.jpg 500w, https://www.eurocontainerslf.it/wp-content/uploads/2016/10/Ouverture-postérieure-à-drapeau-01.jpg 800w" sizes="(max-width: 300px) 100vw, 300px" /></a></p>

2016/10/Ouverture-postérieure-à-drapeau-01.jpg

Ouverture-postérieure-à-drapeau-01-500x375.jpg

https://www.eurocontainerslf.it/wp-content/uploads/2016/10/Ouverture-postérieure-à-drapeau-01-500x375.jpg

Ouverture-postérieure-à-drapeau-01-180x180.jpg

https://www.eurocontainerslf.it/wp-content/uploads/2016/10/Ouverture-postérieure-à-drapeau-01-180x180.jpg

Ouverture-postérieure-à-drapeau-01-750x750.jpg

https://www.eurocontainerslf.it/wp-content/uploads/2016/10/Ouverture-postérieure-à-drapeau-01-750x750.jpg

Ouverture-postérieure-à-drapeau-01-150x150.jpg

https://www.eurocontainerslf.it/wp-content/uploads/2016/10/Ouverture-postérieure-à-drapeau-01-150x150.jpg

Ouverture-postérieure-à-drapeau-01-300x300.jpg

https://www.eurocontainerslf.it/wp-content/uploads/2016/10/Ouverture-postérieure-à-drapeau-01-300x300.jpg

Ouverture-postérieure-à-drapeau-01-768x768.jpg

https://www.eurocontainerslf.it/wp-content/uploads/2016/10/Ouverture-postérieure-à-drapeau-01-768x768.jpg

Ouverture-postérieure-à-drapeau-01-500x500.jpg

https://www.eurocontainerslf.it/wp-content/uploads/2016/10/Ouverture-postérieure-à-drapeau-01-500x500.jpg

Ouverture-postérieure-à-drapeau-01.jpg

https://www.eurocontainerslf.it/wp-content/uploads/2016/10/Ouverture-postérieure-à-drapeau-01.jpg
