{"id":3549,"date":"2016-10-24T15:58:27","date_gmt":"2016-10-24T15:58:27","guid":{"rendered":"http:\/\/www.eurocontainerslf.it\/wp-content\/uploads\/2016\/10\/Ouverture-post\u00e9rieure-\u00e0-drapeau-02.jpg"},"modified":"2016-10-24T15:58:27","modified_gmt":"2016-10-24T15:58:27","slug":"ouverture-posterieure-a-drapeau-02","status":"inherit","type":"attachment","link":"https:\/\/www.eurocontainerslf.it\/?attachment_id=3549","title":{"rendered":"ouverture-posterieure-a-drapeau-02"},"author":1,"comment_status":"open","ping_status":"closed","template":"","meta":[],"description":{"rendered":"<p class=\"attachment\"><a href='https:\/\/www.eurocontainerslf.it\/wp-content\/uploads\/2016\/10\/Ouverture-post\u00e9rieure-\u00e0-drapeau-02.jpg'><img loading=\"lazy\" decoding=\"async\" width=\"214\" height=\"300\" src=\"https:\/\/www.eurocontainerslf.it\/wp-content\/uploads\/2016\/10\/Ouverture-post\u00e9rieure-\u00e0-drapeau-02-214x300.jpg\" class=\"attachment-medium size-medium\" alt=\"\" srcset=\"https:\/\/www.eurocontainerslf.it\/wp-content\/uploads\/2016\/10\/Ouverture-post\u00e9rieure-\u00e0-drapeau-02-214x300.jpg 214w, https:\/\/www.eurocontainerslf.it\/wp-content\/uploads\/2016\/10\/Ouverture-post\u00e9rieure-\u00e0-drapeau-02.jpg 532w\" sizes=\"(max-width: 214px) 100vw, 214px\" \/><\/a><\/p>\n"},"caption":{"rendered":""},"alt_text":"","media_type":"image","mime_type":"image\/jpeg","media_details":{"width":532,"height":746,"file":"2016\/10\/Ouverture-post\u00e9rieure-\u00e0-drapeau-02.jpg","filesize":26877,"sizes":{"woocommerce_thumbnail":{"file":"Ouverture-post\u00e9rieure-\u00e0-drapeau-02-500x375.jpg","width":500,"height":375,"filesize":14936,"uncropped":false,"mime_type":"image\/jpeg","source_url":"https:\/\/www.eurocontainerslf.it\/wp-content\/uploads\/2016\/10\/Ouverture-post\u00e9rieure-\u00e0-drapeau-02-500x375.jpg"},"woocommerce_gallery_thumbnail":{"file":"Ouverture-post\u00e9rieure-\u00e0-drapeau-02-180x180.jpg","width":180,"height":180,"filesize":4184,"mime_type":"image\/jpeg","source_url":"https:\/\/www.eurocontainerslf.it\/wp-content\/uploads\/2016\/10\/Ouverture-post\u00e9rieure-\u00e0-drapeau-02-180x180.jpg"},"thumbnail":{"file":"Ouverture-post\u00e9rieure-\u00e0-drapeau-02-150x150.jpg","width":150,"height":150,"mime_type":"image\/jpeg","source_url":"https:\/\/www.eurocontainerslf.it\/wp-content\/uploads\/2016\/10\/Ouverture-post\u00e9rieure-\u00e0-drapeau-02-150x150.jpg"},"medium":{"file":"Ouverture-post\u00e9rieure-\u00e0-drapeau-02-214x300.jpg","width":214,"height":300,"mime_type":"image\/jpeg","source_url":"https:\/\/www.eurocontainerslf.it\/wp-content\/uploads\/2016\/10\/Ouverture-post\u00e9rieure-\u00e0-drapeau-02-214x300.jpg"},"shop_thumbnail":{"file":"Ouverture-post\u00e9rieure-\u00e0-drapeau-02-180x180.jpg","width":180,"height":180,"mime_type":"image\/jpeg","source_url":"https:\/\/www.eurocontainerslf.it\/wp-content\/uploads\/2016\/10\/Ouverture-post\u00e9rieure-\u00e0-drapeau-02-180x180.jpg"},"shop_catalog":{"file":"Ouverture-post\u00e9rieure-\u00e0-drapeau-02-500x500.jpg","width":500,"height":500,"uncropped":false,"mime_type":"image\/jpeg","source_url":"https:\/\/www.eurocontainerslf.it\/wp-content\/uploads\/2016\/10\/Ouverture-post\u00e9rieure-\u00e0-drapeau-02-500x500.jpg"},"shop_single":{"file":"Ouverture-post\u00e9rieure-\u00e0-drapeau-02-532x600.jpg","width":532,"height":600,"mime_type":"image\/jpeg","source_url":"https:\/\/www.eurocontainerslf.it\/wp-content\/uploads\/2016\/10\/Ouverture-post\u00e9rieure-\u00e0-drapeau-02-532x600.jpg"},"full":{"file":"Ouverture-post\u00e9rieure-\u00e0-drapeau-02.jpg","width":532,"height":746,"mime_type":"image\/jpeg","source_url":"https:\/\/www.eurocontainerslf.it\/wp-content\/uploads\/2016\/10\/Ouverture-post\u00e9rieure-\u00e0-drapeau-02.jpg"}},"image_meta":{"aperture":"0","credit":"","camera":"","caption":"","created_timestamp":"0","copyright":"","focal_length":"0","iso":"0","shutter_speed":"0","title":"","orientation":"0","keywords":[]}},"post":3546,"source_url":"https:\/\/www.eurocontainerslf.it\/wp-content\/uploads\/2016\/10\/Ouverture-post\u00e9rieure-\u00e0-drapeau-02.jpg","_links":{"self":[{"href":"https:\/\/www.eurocontainerslf.it\/index.php?rest_route=\/wp\/v2\/media\/3549"}],"collection":[{"href":"https:\/\/www.eurocontainerslf.it\/index.php?rest_route=\/wp\/v2\/media"}],"about":[{"href":"https:\/\/www.eurocontainerslf.it\/index.php?rest_route=\/wp\/v2\/types\/attachment"}],"author":[{"embeddable":true,"href":"https:\/\/www.eurocontainerslf.it\/index.php?rest_route=\/wp\/v2\/users\/1"}],"replies":[{"embeddable":true,"href":"https:\/\/www.eurocontainerslf.it\/index.php?rest_route=%2Fwp%2Fv2%2Fcomments&post=3549"}]}}

http://www.eurocontainerslf.it/wp-content/uploads/2016/10/Ouverture-postérieure-à-drapeau-02.jpg

<p class="attachment"><a href='https://www.eurocontainerslf.it/wp-content/uploads/2016/10/Ouverture-postérieure-à-drapeau-02.jpg'><img loading="lazy" decoding="async" width="214" height="300" src="https://www.eurocontainerslf.it/wp-content/uploads/2016/10/Ouverture-postérieure-à-drapeau-02-214x300.jpg" class="attachment-medium size-medium" alt="" srcset="https://www.eurocontainerslf.it/wp-content/uploads/2016/10/Ouverture-postérieure-à-drapeau-02-214x300.jpg 214w, https://www.eurocontainerslf.it/wp-content/uploads/2016/10/Ouverture-postérieure-à-drapeau-02.jpg 532w" sizes="(max-width: 214px) 100vw, 214px" /></a></p>

2016/10/Ouverture-postérieure-à-drapeau-02.jpg

Ouverture-postérieure-à-drapeau-02-500x375.jpg

https://www.eurocontainerslf.it/wp-content/uploads/2016/10/Ouverture-postérieure-à-drapeau-02-500x375.jpg

Ouverture-postérieure-à-drapeau-02-180x180.jpg

https://www.eurocontainerslf.it/wp-content/uploads/2016/10/Ouverture-postérieure-à-drapeau-02-180x180.jpg

Ouverture-postérieure-à-drapeau-02-150x150.jpg

https://www.eurocontainerslf.it/wp-content/uploads/2016/10/Ouverture-postérieure-à-drapeau-02-150x150.jpg

Ouverture-postérieure-à-drapeau-02-214x300.jpg

https://www.eurocontainerslf.it/wp-content/uploads/2016/10/Ouverture-postérieure-à-drapeau-02-214x300.jpg

Ouverture-postérieure-à-drapeau-02-500x500.jpg

https://www.eurocontainerslf.it/wp-content/uploads/2016/10/Ouverture-postérieure-à-drapeau-02-500x500.jpg

Ouverture-postérieure-à-drapeau-02-532x600.jpg

https://www.eurocontainerslf.it/wp-content/uploads/2016/10/Ouverture-postérieure-à-drapeau-02-532x600.jpg

Ouverture-postérieure-à-drapeau-02.jpg

https://www.eurocontainerslf.it/wp-content/uploads/2016/10/Ouverture-postérieure-à-drapeau-02.jpg
