{"id":3498,"date":"2016-10-24T14:06:28","date_gmt":"2016-10-24T14:06:28","guid":{"rendered":"http:\/\/www.eurocontainerslf.it\/wp-content\/uploads\/2016\/10\/Bennes-om-avec-cloison-\u00e0-l-int\u00e9rieure.jpg"},"modified":"2016-10-24T14:07:07","modified_gmt":"2016-10-24T14:07:07","slug":"bennes-om-avec-cloison-a-l-interieure","status":"inherit","type":"attachment","link":"https:\/\/www.eurocontainerslf.it\/?attachment_id=3498","title":{"rendered":"bennes-om-avec-cloison-a-l-interieure"},"author":1,"comment_status":"open","ping_status":"closed","template":"","meta":[],"description":{"rendered":"<p class=\"attachment\"><a href='https:\/\/www.eurocontainerslf.it\/wp-content\/uploads\/2016\/10\/Bennes-om-avec-cloison-\u00e0-l-int\u00e9rieure.jpg'><img loading=\"lazy\" decoding=\"async\" width=\"300\" height=\"192\" src=\"https:\/\/www.eurocontainerslf.it\/wp-content\/uploads\/2016\/10\/Bennes-om-avec-cloison-\u00e0-l-int\u00e9rieure-300x192.jpg\" class=\"attachment-medium size-medium\" alt=\"\" srcset=\"https:\/\/www.eurocontainerslf.it\/wp-content\/uploads\/2016\/10\/Bennes-om-avec-cloison-\u00e0-l-int\u00e9rieure-300x192.jpg 300w, https:\/\/www.eurocontainerslf.it\/wp-content\/uploads\/2016\/10\/Bennes-om-avec-cloison-\u00e0-l-int\u00e9rieure-750x480.jpg 750w, https:\/\/www.eurocontainerslf.it\/wp-content\/uploads\/2016\/10\/Bennes-om-avec-cloison-\u00e0-l-int\u00e9rieure-768x492.jpg 768w, https:\/\/www.eurocontainerslf.it\/wp-content\/uploads\/2016\/10\/Bennes-om-avec-cloison-\u00e0-l-int\u00e9rieure-1024x656.jpg 1024w, https:\/\/www.eurocontainerslf.it\/wp-content\/uploads\/2016\/10\/Bennes-om-avec-cloison-\u00e0-l-int\u00e9rieure.jpg 1754w\" sizes=\"(max-width: 300px) 100vw, 300px\" \/><\/a><\/p>\n"},"caption":{"rendered":"<p>Avec cloison \u00e0 l\u2019int\u00e9rieure et fen\u00eatres en plastique<\/p>\n"},"alt_text":"","media_type":"image","mime_type":"image\/jpeg","media_details":{"width":1754,"height":1123,"file":"2016\/10\/Bennes-om-avec-cloison-\u00e0-l-int\u00e9rieure.jpg","filesize":34477,"sizes":{"woocommerce_thumbnail":{"file":"Bennes-om-avec-cloison-\u00e0-l-int\u00e9rieure-500x375.jpg","width":500,"height":375,"filesize":16528,"uncropped":false,"mime_type":"image\/jpeg","source_url":"https:\/\/www.eurocontainerslf.it\/wp-content\/uploads\/2016\/10\/Bennes-om-avec-cloison-\u00e0-l-int\u00e9rieure-500x375.jpg"},"woocommerce_gallery_thumbnail":{"file":"Bennes-om-avec-cloison-\u00e0-l-int\u00e9rieure-180x180.jpg","width":180,"height":180,"filesize":4589,"mime_type":"image\/jpeg","source_url":"https:\/\/www.eurocontainerslf.it\/wp-content\/uploads\/2016\/10\/Bennes-om-avec-cloison-\u00e0-l-int\u00e9rieure-180x180.jpg"},"woocommerce_single":{"file":"Bennes-om-avec-cloison-\u00e0-l-int\u00e9rieure-750x480.jpg","width":750,"height":480,"filesize":24256,"mime_type":"image\/jpeg","source_url":"https:\/\/www.eurocontainerslf.it\/wp-content\/uploads\/2016\/10\/Bennes-om-avec-cloison-\u00e0-l-int\u00e9rieure-750x480.jpg"},"thumbnail":{"file":"Bennes-om-avec-cloison-\u00e0-l-int\u00e9rieure-150x150.jpg","width":150,"height":150,"mime_type":"image\/jpeg","source_url":"https:\/\/www.eurocontainerslf.it\/wp-content\/uploads\/2016\/10\/Bennes-om-avec-cloison-\u00e0-l-int\u00e9rieure-150x150.jpg"},"medium":{"file":"Bennes-om-avec-cloison-\u00e0-l-int\u00e9rieure-300x192.jpg","width":300,"height":192,"mime_type":"image\/jpeg","source_url":"https:\/\/www.eurocontainerslf.it\/wp-content\/uploads\/2016\/10\/Bennes-om-avec-cloison-\u00e0-l-int\u00e9rieure-300x192.jpg"},"medium_large":{"file":"Bennes-om-avec-cloison-\u00e0-l-int\u00e9rieure-768x492.jpg","width":768,"height":492,"mime_type":"image\/jpeg","source_url":"https:\/\/www.eurocontainerslf.it\/wp-content\/uploads\/2016\/10\/Bennes-om-avec-cloison-\u00e0-l-int\u00e9rieure-768x492.jpg"},"large":{"file":"Bennes-om-avec-cloison-\u00e0-l-int\u00e9rieure-1024x656.jpg","width":1024,"height":656,"mime_type":"image\/jpeg","source_url":"https:\/\/www.eurocontainerslf.it\/wp-content\/uploads\/2016\/10\/Bennes-om-avec-cloison-\u00e0-l-int\u00e9rieure-1024x656.jpg"},"shop_thumbnail":{"file":"Bennes-om-avec-cloison-\u00e0-l-int\u00e9rieure-180x180.jpg","width":180,"height":180,"mime_type":"image\/jpeg","source_url":"https:\/\/www.eurocontainerslf.it\/wp-content\/uploads\/2016\/10\/Bennes-om-avec-cloison-\u00e0-l-int\u00e9rieure-180x180.jpg"},"shop_catalog":{"file":"Bennes-om-avec-cloison-\u00e0-l-int\u00e9rieure-500x500.jpg","width":500,"height":500,"uncropped":false,"mime_type":"image\/jpeg","source_url":"https:\/\/www.eurocontainerslf.it\/wp-content\/uploads\/2016\/10\/Bennes-om-avec-cloison-\u00e0-l-int\u00e9rieure-500x500.jpg"},"shop_single":{"file":"Bennes-om-avec-cloison-\u00e0-l-int\u00e9rieure-750x480.jpg","width":750,"height":480,"mime_type":"image\/jpeg","source_url":"https:\/\/www.eurocontainerslf.it\/wp-content\/uploads\/2016\/10\/Bennes-om-avec-cloison-\u00e0-l-int\u00e9rieure-750x480.jpg"},"full":{"file":"Bennes-om-avec-cloison-\u00e0-l-int\u00e9rieure.jpg","width":1754,"height":1123,"mime_type":"image\/jpeg","source_url":"https:\/\/www.eurocontainerslf.it\/wp-content\/uploads\/2016\/10\/Bennes-om-avec-cloison-\u00e0-l-int\u00e9rieure.jpg"}},"image_meta":{"aperture":"0","credit":"","camera":"","caption":"","created_timestamp":"0","copyright":"","focal_length":"0","iso":"0","shutter_speed":"0","title":"","orientation":"0","keywords":[]}},"post":3491,"source_url":"https:\/\/www.eurocontainerslf.it\/wp-content\/uploads\/2016\/10\/Bennes-om-avec-cloison-\u00e0-l-int\u00e9rieure.jpg","_links":{"self":[{"href":"https:\/\/www.eurocontainerslf.it\/index.php?rest_route=\/wp\/v2\/media\/3498"}],"collection":[{"href":"https:\/\/www.eurocontainerslf.it\/index.php?rest_route=\/wp\/v2\/media"}],"about":[{"href":"https:\/\/www.eurocontainerslf.it\/index.php?rest_route=\/wp\/v2\/types\/attachment"}],"author":[{"embeddable":true,"href":"https:\/\/www.eurocontainerslf.it\/index.php?rest_route=\/wp\/v2\/users\/1"}],"replies":[{"embeddable":true,"href":"https:\/\/www.eurocontainerslf.it\/index.php?rest_route=%2Fwp%2Fv2%2Fcomments&post=3498"}]}}

http://www.eurocontainerslf.it/wp-content/uploads/2016/10/Bennes-om-avec-cloison-à-l-intérieure.jpg

<p class="attachment"><a href='https://www.eurocontainerslf.it/wp-content/uploads/2016/10/Bennes-om-avec-cloison-à-l-intérieure.jpg'><img loading="lazy" decoding="async" width="300" height="192" src="https://www.eurocontainerslf.it/wp-content/uploads/2016/10/Bennes-om-avec-cloison-à-l-intérieure-300x192.jpg" class="attachment-medium size-medium" alt="" srcset="https://www.eurocontainerslf.it/wp-content/uploads/2016/10/Bennes-om-avec-cloison-à-l-intérieure-300x192.jpg 300w, https://www.eurocontainerslf.it/wp-content/uploads/2016/10/Bennes-om-avec-cloison-à-l-intérieure-750x480.jpg 750w, https://www.eurocontainerslf.it/wp-content/uploads/2016/10/Bennes-om-avec-cloison-à-l-intérieure-768x492.jpg 768w, https://www.eurocontainerslf.it/wp-content/uploads/2016/10/Bennes-om-avec-cloison-à-l-intérieure-1024x656.jpg 1024w, https://www.eurocontainerslf.it/wp-content/uploads/2016/10/Bennes-om-avec-cloison-à-l-intérieure.jpg 1754w" sizes="(max-width: 300px) 100vw, 300px" /></a></p>

<p>Avec cloison à l’intérieure et fenêtres en plastique</p>

2016/10/Bennes-om-avec-cloison-à-l-intérieure.jpg

Bennes-om-avec-cloison-à-l-intérieure-500x375.jpg

https://www.eurocontainerslf.it/wp-content/uploads/2016/10/Bennes-om-avec-cloison-à-l-intérieure-500x375.jpg

Bennes-om-avec-cloison-à-l-intérieure-180x180.jpg

https://www.eurocontainerslf.it/wp-content/uploads/2016/10/Bennes-om-avec-cloison-à-l-intérieure-180x180.jpg

Bennes-om-avec-cloison-à-l-intérieure-750x480.jpg

https://www.eurocontainerslf.it/wp-content/uploads/2016/10/Bennes-om-avec-cloison-à-l-intérieure-750x480.jpg

Bennes-om-avec-cloison-à-l-intérieure-150x150.jpg

https://www.eurocontainerslf.it/wp-content/uploads/2016/10/Bennes-om-avec-cloison-à-l-intérieure-150x150.jpg

Bennes-om-avec-cloison-à-l-intérieure-300x192.jpg

https://www.eurocontainerslf.it/wp-content/uploads/2016/10/Bennes-om-avec-cloison-à-l-intérieure-300x192.jpg

Bennes-om-avec-cloison-à-l-intérieure-768x492.jpg

https://www.eurocontainerslf.it/wp-content/uploads/2016/10/Bennes-om-avec-cloison-à-l-intérieure-768x492.jpg

Bennes-om-avec-cloison-à-l-intérieure-1024x656.jpg

https://www.eurocontainerslf.it/wp-content/uploads/2016/10/Bennes-om-avec-cloison-à-l-intérieure-1024x656.jpg

Bennes-om-avec-cloison-à-l-intérieure-500x500.jpg

https://www.eurocontainerslf.it/wp-content/uploads/2016/10/Bennes-om-avec-cloison-à-l-intérieure-500x500.jpg

Bennes-om-avec-cloison-à-l-intérieure.jpg

https://www.eurocontainerslf.it/wp-content/uploads/2016/10/Bennes-om-avec-cloison-à-l-intérieure.jpg
